{"id":158,"date":"2016-11-01T13:29:29","date_gmt":"2016-11-01T12:29:29","guid":{"rendered":"http:\/\/tus-kettig1959.de\/tuskettig\/?page_id=158"},"modified":"2022-06-16T08:17:23","modified_gmt":"2022-06-16T06:17:23","slug":"impressum","status":"publish","type":"page","link":"https:\/\/tus-kettig1959.de\/tuskettig\/impressum\/","title":{"rendered":"Impressum"},"content":{"rendered":"<p>TuS Kettig 1959 e.V.<\/p>\n<p>1. Vorsitzender<br \/>\nSascha Thielen, Im Flutgraben 6, 56220 Kettig<\/p>\n<p>Telefon: \u202d0176\/70766360\u202c<\/p>\n<p>Umsetzung der Webseite: <a href=\"https:\/\/www.sitko-designing.de\" target=\"_blank\" rel=\"noopener\">Mark Sitko \u2013 Sitko-Designing<\/a><\/p>\n<h3>Urheberrecht<\/h3>\n<p>Copyright \u00a9 TuS Kettig 1959 e.V.. Alle Rechte sind vorbehalten. Alle Texte, Bilder, Grafiken und sonstige Dateien sowie ihre Arrangements unterliegen dem Urheberrecht und anderen Gesetzen zum Schutz geistigen Eigentums. Sie d\u00fcrfen weder f\u00fcr Handelszwecke oder zur Weitergabe kopiert, noch ver\u00e4ndert und auf anderen Websites verwendet werden.<\/p>\n<h3>Haftung der Inhalte<\/h3>\n<p>Die Inhalte dieser Webseite sind nach bestem Wissen und Kenntnisstand erstellt worden. Sie dienen ausschlie\u00dflich der generellen Informationen und ersetzen keine qualifizierte Beratung. Sie stellen keine Beratung \u2013 juristischer oder anderer Art \u2013 dar und sollen auch nicht als solche verwendet werden. In keinem Fall kann ich f\u00fcr etwaige Sch\u00e4den irgendwelcher Art verantwortlich gemacht werden, die durch die Benutzung oder im Zusammenhang mit der Benutzung der hier bereitgestellten Informationen entstehen, seien es direkte oder indirekte Sch\u00e4den bzw. Folgesch\u00e4den. Ich behalte mir \u00c4nderungen der Informationen in unserem Internetauftritt ohne vorherige Ank\u00fcndigung vor. Alle Angebote sind freibleibend und unverbindlich.<\/p>\n","protected":false},"excerpt":{"rendered":"<p>TuS Kettig 1959 e.V. 1. Vorsitzender Sascha Thielen, Im Flutgraben 6, 56220 Kettig Telefon: \u202d0176\/70766360\u202c Umsetzung der Webseite: Mark Sitko \u2013 Sitko-Designing Urheberrecht Copyright \u00a9 TuS Kettig 1959 e.V.. Alle Rechte sind vorbehalten. Alle Texte, Bilder, Grafiken und sonstige Dateien sowie ihre Arrangements unterliegen dem Urheberrecht und anderen Gesetzen zum Schutz geistigen Eigentums. Sie d\u00fcrfen weder f\u00fcr Handelszwecke oder zur Weitergabe kopiert, noch ver\u00e4ndert und auf anderen Websites verwendet werden. Haftung der Inhalte Die Inhalte&#8230;<\/p>\n","protected":false},"author":1,"featured_media":0,"parent":0,"menu_order":0,"comment_status":"closed","ping_status":"closed","template":"","meta":{"_acf_changed":false,"footnotes":""},"class_list":["post-158","page","type-page","status-publish","hentry"],"acf":[],"aioseo_notices":[],"_links":{"self":[{"href":"https:\/\/tus-kettig1959.de\/tuskettig\/wp-json\/wp\/v2\/pages\/158","targetHints":{"allow":["GET"]}}],"collection":[{"href":"https:\/\/tus-kettig1959.de\/tuskettig\/wp-json\/wp\/v2\/pages"}],"about":[{"href":"https:\/\/tus-kettig1959.de\/tuskettig\/wp-json\/wp\/v2\/types\/page"}],"author":[{"embeddable":true,"href":"https:\/\/tus-kettig1959.de\/tuskettig\/wp-json\/wp\/v2\/users\/1"}],"replies":[{"embeddable":true,"href":"https:\/\/tus-kettig1959.de\/tuskettig\/wp-json\/wp\/v2\/comments?post=158"}],"version-history":[{"count":7,"href":"https:\/\/tus-kettig1959.de\/tuskettig\/wp-json\/wp\/v2\/pages\/158\/revisions"}],"predecessor-version":[{"id":1152,"href":"https:\/\/tus-kettig1959.de\/tuskettig\/wp-json\/wp\/v2\/pages\/158\/revisions\/1152"}],"wp:attachment":[{"href":"https:\/\/tus-kettig1959.de\/tuskettig\/wp-json\/wp\/v2\/media?parent=158"}],"curies":[{"name":"wp","href":"https:\/\/api.w.org\/{rel}","templated":true}]}}