{"id":239,"date":"2017-01-26T08:11:53","date_gmt":"2017-01-26T07:11:53","guid":{"rendered":"http:\/\/tus-kettig1959.de\/tuskettig\/?page_id=239"},"modified":"2025-10-07T08:08:37","modified_gmt":"2025-10-07T06:08:37","slug":"bambinifussball","status":"publish","type":"page","link":"https:\/\/tus-kettig1959.de\/tuskettig\/bambinifussball\/","title":{"rendered":"G-Junioren"},"content":{"rendered":"<p>G-Junioren Fu\u00dfball<\/p>\n<p>F\u00fcr alle fu\u00dfballbegeisterten M\u00e4dchen und Jungen ab 5 Jahren findet das Fu\u00dfballtraining an folgenden Tagen statt:<\/p>\n<p><b>Sommer<\/b><br \/>Dienstags von 16:00 Uhr &#8211; 17:00 Uhr auf dem Sportplatz in Kettig<\/p>\n<p><b>Winter<\/b><br \/>Dienstags von 16:00 Uhr &#8211; 17:00 Uhr in der Turnhalle der Anne-Frank-Schule in Kettig<\/p>\n<p>Eltern, fu\u00dfballinteressierter Kinder, melden sich bitte vorab per Mail oder an den Trainingsterminen beim Trainerteam.<\/p>\n<p><span style=\"font-family: Arial\">Kati und Flo<\/span><\/p>\n<p>Kontakt zu den G-Junioren \u00fcber \u00a0\u00a0 \u00a0<span style=\"font-family: Arial\"><a class=\"moz-txt-link-abbreviated\" href=\"mailto:g-jugend-tus-kettig1959@gmx.de\">g-jugend-tus-kettig1959@gmx.de<\/a><\/span><\/p>\n\n","protected":false},"excerpt":{"rendered":"<p>G-Junioren Fu\u00dfball F\u00fcr alle fu\u00dfballbegeisterten M\u00e4dchen und Jungen ab 5 Jahren findet das Fu\u00dfballtraining an folgenden Tagen statt: SommerDienstags von 16:00 Uhr &#8211; 17:00 Uhr auf dem Sportplatz in Kettig WinterDienstags von 16:00 Uhr &#8211; 17:00 Uhr in der Turnhalle der Anne-Frank-Schule in Kettig Eltern, fu\u00dfballinteressierter Kinder, melden sich bitte vorab per Mail oder an den Trainingsterminen beim Trainerteam. Kati und Flo Kontakt zu den G-Junioren \u00fcber \u00a0\u00a0 \u00a0g-jugend-tus-kettig1959@gmx.de<\/p>\n","protected":false},"author":4,"featured_media":1549,"parent":0,"menu_order":0,"comment_status":"closed","ping_status":"closed","template":"","meta":{"_acf_changed":false,"footnotes":""},"class_list":["post-239","page","type-page","status-publish","has-post-thumbnail","hentry"],"acf":[],"aioseo_notices":[],"_links":{"self":[{"href":"https:\/\/tus-kettig1959.de\/tuskettig\/wp-json\/wp\/v2\/pages\/239","targetHints":{"allow":["GET"]}}],"collection":[{"href":"https:\/\/tus-kettig1959.de\/tuskettig\/wp-json\/wp\/v2\/pages"}],"about":[{"href":"https:\/\/tus-kettig1959.de\/tuskettig\/wp-json\/wp\/v2\/types\/page"}],"author":[{"embeddable":true,"href":"https:\/\/tus-kettig1959.de\/tuskettig\/wp-json\/wp\/v2\/users\/4"}],"replies":[{"embeddable":true,"href":"https:\/\/tus-kettig1959.de\/tuskettig\/wp-json\/wp\/v2\/comments?post=239"}],"version-history":[{"count":22,"href":"https:\/\/tus-kettig1959.de\/tuskettig\/wp-json\/wp\/v2\/pages\/239\/revisions"}],"predecessor-version":[{"id":1567,"href":"https:\/\/tus-kettig1959.de\/tuskettig\/wp-json\/wp\/v2\/pages\/239\/revisions\/1567"}],"wp:featuredmedia":[{"embeddable":true,"href":"https:\/\/tus-kettig1959.de\/tuskettig\/wp-json\/wp\/v2\/media\/1549"}],"wp:attachment":[{"href":"https:\/\/tus-kettig1959.de\/tuskettig\/wp-json\/wp\/v2\/media?parent=239"}],"curies":[{"name":"wp","href":"https:\/\/api.w.org\/{rel}","templated":true}]}}