{"id":40,"date":"2016-10-10T20:33:14","date_gmt":"2016-10-10T18:33:14","guid":{"rendered":"http:\/\/tus-kettig1959.de\/tuskettig\/?page_id=40"},"modified":"2022-11-07T18:58:46","modified_gmt":"2022-11-07T17:58:46","slug":"mutter-kind-turnen","status":"publish","type":"page","link":"https:\/\/tus-kettig1959.de\/tuskettig\/mutter-kind-turnen\/","title":{"rendered":"Eltern-Kind-Turnen"},"content":{"rendered":"\n<p style=\"font-weight: 400;\">Getreu dem Motto \u201e Wir turnen und tanzen gerne&#8220; treffen sich jeden Dienstag und Donnerstag <strong>Kinder im Alter von 1 &#8211; 4 Jahren<\/strong> mit Ihren Eltern zum Kinderturnen im <strong>B\u00fcrgerhaus in Kettig<\/strong>.<\/p>\n<ul>\n<li><strong>Eltern-Kind-Turnen f\u00fcr 1 &#8211; 2 j\u00e4hrige immer donnerstags von 16-17 Uhr im B\u00fcrgerhaus in Kettig<\/strong><\/li>\n<li><strong>Eltern-Kind-Turnen f\u00fcr 3 -4 j\u00e4hrige immer dienstags von 16-17 Uhr im B\u00fcrgerhaus in Kettig<\/strong><\/li>\n<\/ul>\n<p style=\"font-weight: 400;\">Die Stunde wird immer eingeleitet mit einem gemeinsamen Begr\u00fc\u00dfungslied. Dann ist \u201efreies Turnen&#8220; in einem vorher aufgebauten Hindernisparcours angesagt. Ob geklettert, balanciert, gekrabbelt oder nur einfach einem Ball hinterhergelaufen wird, im Vordergrund stehen Freude und Spa\u00df an der Bewegung.<\/p>\n<p style=\"font-weight: 400;\">Die Kinder sollen hierbei langsam lernen, sich in eine Gemeinschaft einzubringen, das Vereinsleben kennenlernen und sich mit anderen Kindern in einer Gruppe zu integrieren. Auch wird das soziale Verhalten trainiert, indem die Kinder lernen, sich an einer Turn\u00fcbung anzustellen und zu warten, bis man an der Reihe ist. Es ist sch\u00f6n zu beobachten, wie die Kinder allm\u00e4hlich immer sicherer in ihren Bewegungen werden und sich auch immer mehr zutrauen. Auch die Eltern k\u00f6nnen sich hier engagieren und immer wieder neue Ideen mit einbringen.<\/p>\n\n\n\n<figure class=\"wp-block-image size-large\"><img loading=\"lazy\" decoding=\"async\" width=\"1024\" height=\"156\" src=\"https:\/\/tus-kettig1959.de\/tuskettig\/wp-content\/uploads\/2022\/09\/Bildschirmfoto-2022-09-11-um-10.29.56-1024x156.png\" alt=\"\" class=\"wp-image-1181\" srcset=\"https:\/\/tus-kettig1959.de\/tuskettig\/wp-content\/uploads\/2022\/09\/Bildschirmfoto-2022-09-11-um-10.29.56-1024x156.png 1024w, https:\/\/tus-kettig1959.de\/tuskettig\/wp-content\/uploads\/2022\/09\/Bildschirmfoto-2022-09-11-um-10.29.56-300x46.png 300w, https:\/\/tus-kettig1959.de\/tuskettig\/wp-content\/uploads\/2022\/09\/Bildschirmfoto-2022-09-11-um-10.29.56-768x117.png 768w, https:\/\/tus-kettig1959.de\/tuskettig\/wp-content\/uploads\/2022\/09\/Bildschirmfoto-2022-09-11-um-10.29.56.png 1336w\" sizes=\"auto, (max-width: 1024px) 100vw, 1024px\" \/><\/figure>\n","protected":false},"excerpt":{"rendered":"<p>Getreu dem Motto \u201e Wir turnen und tanzen gerne&#8220; treffen sich jeden Dienstag und Donnerstag Kinder im Alter von 1 &#8211; 4 Jahren mit Ihren Eltern zum Kinderturnen im B\u00fcrgerhaus in Kettig. Eltern-Kind-Turnen f\u00fcr 1 &#8211; 2 j\u00e4hrige immer donnerstags von 16-17 Uhr im B\u00fcrgerhaus in Kettig Eltern-Kind-Turnen f\u00fcr 3 -4 j\u00e4hrige immer dienstags von 16-17 Uhr im B\u00fcrgerhaus in Kettig Die Stunde wird immer eingeleitet mit einem gemeinsamen Begr\u00fc\u00dfungslied. Dann ist \u201efreies Turnen&#8220; in&#8230;<\/p>\n","protected":false},"author":1,"featured_media":0,"parent":0,"menu_order":0,"comment_status":"closed","ping_status":"closed","template":"","meta":{"_acf_changed":false,"footnotes":""},"class_list":["post-40","page","type-page","status-publish","hentry"],"acf":[],"aioseo_notices":[],"_links":{"self":[{"href":"https:\/\/tus-kettig1959.de\/tuskettig\/wp-json\/wp\/v2\/pages\/40","targetHints":{"allow":["GET"]}}],"collection":[{"href":"https:\/\/tus-kettig1959.de\/tuskettig\/wp-json\/wp\/v2\/pages"}],"about":[{"href":"https:\/\/tus-kettig1959.de\/tuskettig\/wp-json\/wp\/v2\/types\/page"}],"author":[{"embeddable":true,"href":"https:\/\/tus-kettig1959.de\/tuskettig\/wp-json\/wp\/v2\/users\/1"}],"replies":[{"embeddable":true,"href":"https:\/\/tus-kettig1959.de\/tuskettig\/wp-json\/wp\/v2\/comments?post=40"}],"version-history":[{"count":8,"href":"https:\/\/tus-kettig1959.de\/tuskettig\/wp-json\/wp\/v2\/pages\/40\/revisions"}],"predecessor-version":[{"id":1201,"href":"https:\/\/tus-kettig1959.de\/tuskettig\/wp-json\/wp\/v2\/pages\/40\/revisions\/1201"}],"wp:attachment":[{"href":"https:\/\/tus-kettig1959.de\/tuskettig\/wp-json\/wp\/v2\/media?parent=40"}],"curies":[{"name":"wp","href":"https:\/\/api.w.org\/{rel}","templated":true}]}}